 h?
6
Let z(w) = 67*w**2 + 22*w - 209. What is the thousands digit of z(-14)?
2
Suppose 6*z - 825 = -5*z. Let i = -75 + z. Suppose i = -6*u + 360 + 612. What is the hundreds digit of u?
1
Let a(n) = 16*n**3 + n**2 + 5*n - 4. Suppose 0 - 3 = -g. Suppose 2*p + 3*h = 19, -g*p - 2 + 3 = -h. What is the units digit of a(p)?
8
Suppose -350*o + 329*o + 30122 = -33277. What is the hundreds digit of o?
0
Suppose 3*u = 2*o + 8, -3*u + 11 = -o - 4*o. Let q(d) be the second derivative of 5*d**4/12 - 5*d**3/6 + 5*d**2/2 - 14*d. What is the tens digit of q(u)?
1
Let v = 8288 - -1600. What is the hundreds digit of v?
8
What is the tens digit of 2070/(-276)*35228/(-30)?
0
Let x = -148 - -146. Let r(l) = -29*l**3 - 4*l**2 - 7*l - 4. What is the tens digit of r(x)?
2
Let o = -22 - -25. Let b(a) = 38*a**2 - 11*a - 4. Let p be b(o). Suppose -4*q + p = -g - 685, g - 492 = -2*q. What is the units digit of q?
7
Let r be -1 - (-3844)/10 - (-15)/25. Suppose 5*u + u - r = 0. What is the units digit of u?
4
Let d(m) = -m**3 - 58*m**2 - 139*m - 55. What is the tens digit of d(-56)?
5
Suppose 48 = 8*m - 2*m. Suppose 0 = u + 4*s - 25, m*s = 2*u + 3*s + 2. What is the units digit of (80/(-45))/(-8) + 862/u?
6
Let y = 55370 + -39219. What is the hundreds digit of y?
1
Let r(t) = -t**2 + 23*t - 40. Let o be r(20). Suppose -8*b = -4*b. Suppose i - c - o = b, 0 = -2*i + 5*c - 2*c + 44. What is the units digit of i?
6
Let z be 1*(1 + (-4)/(-1)). Suppose -2*t - z*f = -t - 382, -5*f - 2060 = -5*t. What is the hundreds digit of t?
4
Let z be (2/(-4))/(9/198) - 1. Let g = -4 - z. Suppose 5*h = 3*k + 44, -h + 4*k = 3*k - g. What is the tens digit of h?
1
Suppose 0 = 10*l - 34586 - 18334. What is the tens digit of l?
9
Let m(k) = 65*k**2 - 4*k - 182. What is the tens digit of m(-10)?
5
Let l = -67 - -85. Suppose -2*g - 22 = -2*o + l, 2*o - 48 = 4*g. What is the units digit of (o/4)/(-8) + (-868)/(-8)?
8
Let h(o) = -o**3 - 9*o**2 - 18*o - 6. Let k be h(-6). Let a be (-2)/6 - ((-4372)/k + 7). Let y = -524 - a. What is the hundreds digit of y?
2
Suppose 173870 = -13*u - 174907. What is the hundreds digit of ((-4)/6)/(66/u)?
2
Let j(x) = 9 + 49 + 46 - 10*x + x. What is the tens digit of j(-22)?
0
Let z(y) = y**2 + 20*y + 12. Suppose -31*i + 43*i + 300 = 0. What is the tens digit of z(i)?
3
What is the ten thousands digit of (-57)/(119258/7454 - 16)?
7
Let m be 17 - ((-24)/60)/((-2)/25). Suppose -l + 3562 = m*l. What is the hundreds digit of l?
2
Let n(s) = 51*s**2 + 2*s + 1. Let h be n(-1). Suppose -z - 77 = 3*p, 0 = 3*p - z - h + 135. Let i = p - -57. What is the units digit of i?
0
Let a(c) = -c**3 - 22*c**2 - 13*c + 94. Suppose -j = -10*y + 9*y - 25, -98 = 4*y - 3*j. What is the tens digit of a(y)?
2
Let m(u) = 183*u**2 - 134*u - 687. What is the hundreds digit of m(-5)?
5
Let n(a) = -14 - 239*a - 17 + 15 - 3. Let l be n(-3). Let u = -495 + l. What is the units digit of u?
3
Let s = 310 + -311. What is the hundreds digit of ((s + -1)/2)/(6/(-2784))?
4
Suppose 2*z = -g + 4*g + 15684, -4*z = -5*g - 31362. What is the thousands digit of z?
7
Let y(w) = 1495*w - 837. What is the thousands digit of y(8)?
1
Let z = 70 - 51. Suppose z*g - 116 = 15*g. Suppose 122 - g = 3*c. What is the tens digit of c?
3
Let t = -24 - -28. Let o = t + 6. Suppose -o*b + 288 = -6*b. What is the tens digit of b?
7
Let h = -8164 - -19486. What is the hundreds digit of h?
3
Let q(b) = -6*b + 8. Let z(h) = -7*h + 9. Let x(a) = 6*q(a) - 5*z(a). Let m be x(-8). Let o(j) = j**2 + 3. What is the hundreds digit of o(m)?
1
Suppose -18*j + 14*j = 45*j - 109858. What is the thousands digit of j?
2
Suppose 14490 = 5*z + 5*h, -25765 = -6*z - 3*h - 8371. What is the hundreds digit of z?
9
What is the tens digit of (-16 + 2)/(442990/(-40270) + 11)?
8
Suppose 3*x + 14 = -r, -x = 3*r + 1 + 1. Let z(c) = -5*c + 3. Let j be z(r). What is the units digit of ((-10)/(-30))/(((-4)/j)/354)?
9
Suppose -4*m + 3*y - 16 + 37 = 0, 0 = -4*m - 5*y - 3. Suppose 2440 = 4*a + z + z, -1220 = -2*a - m*z. What is the tens digit of a?
1
Suppose 18 = -29*y + 26*y. Let j(d) = 16*d + 7. Let o(h) = -8*h - 3. Let p(t) = 2*j(t) + 5*o(t). What is the units digit of p(y)?
7
Suppose 4*f + 4*i = 10488, -5*f + 5*i + 12905 = -255. Let q = f - 631. What is the hundreds digit of q?
9
Let l = -359 - -342. What is the hundreds digit of 263/(l + 17 - (-2)/6)?
7
Let k be (1000/(-16))/((-2)/(-44)) + -3. Let z = -753 - k. What is the hundreds digit of z?
6
Suppose -53*h + 1138693 = -12*h. What is the ten thousands digit of h?
2
Let m(d) = -9490*d**3 - d**2 - d. What is the tens digit of m(-1)?
9
Suppose -4*d + 8*d + 424 = m, 4*m + 4*d - 1596 = 0. Suppose -2 + 0 = -t, 2*l - m = -3*t. What is the units digit of l?
9
Let b(f) = 10211*f**2 - 167*f + 169. What is the tens digit of b(1)?
1
Suppose -2*g - 235898 = -4*o, 2*o + 2*g - 31153 - 86799 = 0. What is the ten thousands digit of o?
5
Let x(a) be the second derivative of 0 - 2/3*a**3 + 15*a - 15/2*a**2. What is the tens digit of x(-19)?
6
Suppose 4*r - 7*r + 620 = 5*k, 2*r - 5*k = 405. Suppose 5*f - 2*m - 1025 = 0, 8*m + r = f + 10*m. What is the units digit of f?
5
Suppose 5*g = -8*h + 63142, -28*g - 23637 = -3*h - 23*g. What is the hundreds digit of h?
8
Suppose -k = 3*o + 66, -174 = -k + 4*k + 3*o. What is the units digit of 1440/k*306/(-15)?
4
Suppose 2*c + i - 5 = 0, c - 6 = -4*i - 0*i. Suppose -2*w + 4*r + 616 = 0, -34 - 572 = -2*w + c*r. What is the units digit of w?
8
Let f(a) = -a**2 - 31*a - 228. Let v be f(-36). Let t = -246 - v. What is the units digit of t?
2
Let p = 49 + -46. Suppose 0 = 5*o - 2*m + 209 - 2, -126 = 3*o - p*m. Let f = o - -51. What is the units digit of f?
0
Let t = 166 + -74. Let j = t + -86. Suppose -456 + 18 = -j*p. What is the tens digit of p?
7
Let m(b) = b**2 - 14*b - 102. Suppose 60*f - 63*f = -93. What is the hundreds digit of m(f)?
4
Suppose -4*b = -33*p + 30*p + 19408, -p = 4*b - 6448. What is the thousands digit of p?
6
Suppose -3*j + j - 374 = 4*o, -92 = o + j. Let p be ((-26)/(-3))/((5 - 1)/(-24)). Let g = p - o. What is the tens digit of g?
4
Suppose 5*c + 6*j - 1250 = 2*j, 493 = 2*c + 3*j. Let k = c + -26. Suppose 9*r + k = 11*r. What is the tens digit of r?
1
Suppose 0*u - 2*u = -28. Let f = -855 - -505. What is the tens digit of (60/u)/((-30)/f)?
5
Let l be (27/(-27))/(2/2). Let c(f) = -26*f**3 + 3*f**2 + 6*f + 4. What is the tens digit of c(l)?
2
Suppose 0 = -j - 3*f + 34167, -64*f + 9 = -63*f. What is the thousands digit of j?
4
Let t(x) = -10*x**3 - 11*x**2 - 41*x - 21. What is the tens digit of t(-9)?
4
Let d(w) = w**2 + 5*w + 33. Let j be d(-4). What is the hundreds digit of j/(913/(-2277) + 4/9)?
6
What is the units digit of 17760 - (309/721)/((-1)/(-14))?
4
Let q be ((64/(-4))/(-1))/(18/(-5724)). What is the tens digit of (-19)/((-760)/q)*(-20)/6?
2
Let r be ((-60)/8)/(-5)*18. Suppose -5*g + r*g = 3542. What is the units digit of g?
1
Suppose 3*l - 3*y - 180 = y, -l - 3*y + 47 = 0. Suppose 0 = -17*r + 13*r + l. Suppose -246 = -17*g + r*g. What is the tens digit of g?
8
Let o = 265 - 364. Let q = o - -155. What is the units digit of q?
6
Suppose 2*o - 4*u + 1 = -3*o, 0 = 2*o + 2*u - 14. Suppose o*m = v - 5, 2*v - 6*v - 7 = -3*m. Let x(i) = 3*i**2 - 2*i + 4. What is the tens digit of x(v)?
6
Let u(l) = -3*l. Let q(r) = 11*r - 25. Let i be q(3). Suppose -2*v - 42 + i = 0. What is the tens digit of u(v)?
5
Suppose -l - 4*l = -3*q - 502, 3*q = -4*l + 380. Let c = l + 22. Let j = -63 + c. What is the units digit of j?
7
Let a be (-509)/33*-9 + 4/22. Let k = 333 - a. What is the tens digit of k?
9
Let t = 2836 + -633. What is the thousands digit of t?
2
Suppose -2*o - 3*b = -1873, 18*o - 4*b = 21*o - 2810. Let s = o + -636. What is the tens digit of s?
0
Let l(f) = 251*f**2 + 201*f + 14. What is the tens digit of l(-7)?
0
Suppose 70273 = 2585*x - 2578*x. What is the hundreds digit of x?
0
Suppose 36 = -6*u + 3*u - 3*y, -3*y = 5*u + 52. Let j(w) be the first derivative of w**3/3 - w**2 + 6*w + 2. What is the tens digit of j(u)?
8
What is the hundreds digit of 6/(-14) - -1*-21543*(-4)/21?
1
Let a be 53 - ((-24)/4 + 0). Suppose -4917 + a = -7*f. What is the hundreds digit of f?
6
Suppose 6*a - 2*a - 17 = -3*t, -5*t = a - 17. Suppose 0 = 4*x - a*q + 4*q + 22, -x = -3*q + 23.